nder when 3781380 is divided by 105?
15
What is the remainder when 5763670 is divided by 25846?
12
Calculate the remainder when 189806040 is divided by 189806039.
1
What is the remainder when 93959 is divided by 29623?
5090
Calculate the remainder when 16614134 is divided by 144.
134
Calculate the remainder when 139891564 is divided by 5528.
5524
What is the remainder when 11020588 is divided by 510?
508
Calculate the remainder when 2021887 is divided by 523.
492
What is the remainder when 1854768 is divided by 4324?
4096
Calculate the remainder when 51163 is divided by 86.
79
What is the remainder when 9985 is divided by 1009?
904
Calculate the remainder when 321316 is divided by 2264.
2092
What is the remainder when 20367267 is divided by 11?
8
What is the remainder when 558481 is divided by 279195?
91
Calculate the remainder when 35543690 is divided by 200.
90
What is the remainder when 7190089 is divided by 11?
5
What is the remainder when 9521574 is divided by 275?
249
Calculate the remainder when 828683121 is divided by 24.
9
What is the remainder when 14612145 is divided by 1124011?
2
What is the remainder when 119105 is divided by 8462?
637
What is the remainder when 266981370 is divided by 28?
26
Calculate the remainder when 5963316 is divided by 2981648.
20
Calculate the remainder when 1167934 is divided by 29.
17
Calculate the remainder when 33722782 is divided by 48.
46
Calculate the remainder when 1704314 is divided by 14820.
14
What is the remainder when 5298028 is divided by 90?
88
Calculate the remainder when 3781871 is divided by 567.
548
Calculate the remainder when 3586796 is divided by 466.
460
What is the remainder when 854539 is divided by 1003?
986
What is the remainder when 1326073 is divided by 133?
63
Calculate the remainder when 141385345 is divided by 10098953.
3
What is the remainder when 2480472 is divided by 261?
189
What is the remainder when 4469267 is divided by 1103?
1014
Calculate the remainder when 84421 is divided by 754.
727
What is the remainder when 164364 is divided by 1623?
441
What is the remainder when 20840828 is divided by 8644?
144
Calculate the remainder when 985866 is divided by 5272.
2
Calculate the remainder when 1926470 is divided by 349.
339
Calculate the remainder when 3326030 is divided by 29.
20
What is the remainder when 37854 is divided by 37309?
545
Calculate the remainder when 15397089 is divided by 3058.
59
Calculate the remainder when 14230 is divided by 6646.
938
Calculate the remainder when 2201142 is divided by 221.
203
What is the remainder when 272356443 is divided by 208?
203
What is the remainder when 97828 is divided by 2532?
1612
What is the remainder when 25340 is divided by 415?
25
Calculate the remainder when 333244 is divided by 19.
3
Calculate the remainder when 25199458 is divided by 20.
18
What is the remainder when 30799143 is divided by 7940?
7823
Calculate the remainder when 19054 is divided by 693.
343
What is the remainder when 40225873 is divided by 51?
31
Calculate the remainder when 799802 is divided by 3007.
2947
What is the remainder when 323544 is divided by 1768?
0
What is the remainder when 2565422 is divided by 2889?
2879
Calculate the remainder when 5732428 is divided by 347.
335
Calculate the remainder when 909271 is divided by 20665.
11
What is the remainder when 68961736 is divided by 1046?
2
Calculate the remainder when 146193119 is divided by 10442365.
9
Calculate the remainder when 525390 is divided by 1168.
958
Calculate the remainder when 722959 is divided by 37.
16
Calculate the remainder when 3639049 is divided by 4098.
25
Calculate the remainder when 25682 is divided by 165.
107
Calculate the remainder when 24684191 is divided by 7316.
7
What is the remainder when 1970876 is divided by 394175?
1
Calculate the remainder when 182234 is divided by 2144.
2138
What is the remainder when 28904653 is divided by 4131?
46
Calculate the remainder when 18717 is divided by 7968.
2781
What is the remainder when 647752672 is divided by 92536095?
7
What is the remainder when 286890406 is divided by 161?
159
What is the remainder when 35046 is divided by 17136?
774
What is the remainder when 92049671 is divided by 88?
87
Calculate the remainder when 799201 is divided by 402.
25
What is the remainder when 1471273060 is divided by 763?
761
Calculate the remainder when 892127 is divided by 1525.
2
Calculate the remainder when 126906 is divided by 2621.
1098
What is the remainder when 47460 is divided by 2061?
57
Calculate the remainder when 6143514 is divided by 877644.
6
What is the remainder when 20109378 is divided by 5027341?
14
What is the remainder when 4179632 is divided by 597090?
2
What is the remainder when 162905 is divided by 2902?
393
Calculate the remainder when 194689623 is divided by 3064.
3063
What is the remainder when 5749310 is divided by 4243?
45
What is the remainder when 16869914 is divided by 2811635?
104
Calculate the remainder when 56265 is divided by 4328.
1
Calculate the remainder when 37140635 is divided by 232.
219
What is the remainder when 2062542 is divided by 285?
282
Calculate the remainder when 771452 is divided by 394.
0
What is the remainder when 116663 is divided by 23309?
118
Calculate the remainder when 28099373 is divided by 625.
623
What is the remainder when 1154210 is divided by 264?
2
Calculate the remainder when 236952346 is divided by 81.
49
What is the remainder when 286081 is divided by 25934?
807
What is the remainder when 123801 is divided by 895?
291
Calculate the remainder when 630060 is divided by 10776.
5052
Calculate the remainder when 70992 is divided by 70704.
288
What is the remainder when 24741 is divided by 11082?
2577
Calculate the remainder when 11426900 is divided by 422.
406
What is the remainder when 737105 is divided by 630?
5
Calculate the remainder when 369573077 is divided by 11753.
11745
What is the remainder when 73188 is divided by 22?
16
Calculate the remainder when 371679612 is divided by 11.
7
Calculate the remainder when 242224 is divided by 48.
16
Calculate the remainder when 1490590 is divided by 1288.
374
What is the remainder when 425166 is divided by 212286?
594
Calculate the remainder when 8364114 is divided by 327.
108
What is the remainder when 602598694 is divided by 168?
166
What is the remainder when 129869 is divided by 3167?
22
What is the remainder when 1318461 is divided by 2010?
1911
What is the remainder when 104824397 is divided by 26206097?
9
Calculate the remainder when 6437050 is divided by 12.
10
What is the remainder when 84792135 is divided by 280?
15
What is the remainder when 13553660 is divided by 384?
380
What is the remainder when 385272 is divided by 6746?
750
What is the remainder when 101678 is divided by 1495?
18
What is the remainder when 27827077 is divided by 104?
5
What is the remainder when 2292097 is divided by 71628?
1
Calculate the remainder when 161146 is divided by 103.
54
What is the remainder when 41075447 is divided by 1766?
53
Calculate the remainder when 3008541 is divided by 139.
25
Calculate the remainder when 8070699 is divided by 23.
22
Calculate the remainder when 352912676 is divided by 3810.
3806
What is the remainder when 5680445 is divided by 5680438?
7
Calculate the remainder when 23396807 is divided by 5132.
19
What is the remainder when 61177 is divided by 489?
52
Calculate the remainder when 247050 is divided by 40879.
1776
What is the remainder when 1817579652 is divided by 271?
267
Calculate the remainder when 2986264 is divided by 1250.
14
What is the remainder when 2639677 is divided by 4285?
117
What is the remainder when 3771803756 is divided by 31?
28
What is the remainder when 436625 is divided by 436612?
13
Calculate the remainder when 1466437 is divided by 8106.
7357
What is the remainder when 5496794 is divided by 32?
26
What is the remainder when 54827229 is divided by 3833?
3830
Calculate the remainder when 8908222 is divided by 48.
46
What is the remainder when 1599460 is divided by 4288?
36
What is the remainder when 232713 is divided by 77548?
69
Calculate the remainder when 50264 is divided by 888.
536
Calculate the remainder when 36026286 is divided by 39.
36
What is the remainder when 568254 is divi